 13591
What are the prime factors of 788354?
2, 7, 56311
What are the prime factors of 52515686?
2, 17, 53, 151, 193
What are the prime factors of 365570214?
2, 3, 60928369
What are the prime factors of 178129428?
2, 3, 14844119
List the prime factors of 2059376568.
2, 3, 8369, 10253
What are the prime factors of 64046628?
2, 3, 23, 77351
List the prime factors of 1807873849.
1807873849
What are the prime factors of 544319624?
2, 68039953
What are the prime factors of 292277579?
11, 31, 43, 643
List the prime factors of 7717219515.
3, 5, 31, 163, 419
What are the prime factors of 286280704?
2, 279571
What are the prime factors of 4229409257?
23, 47, 3912497
List the prime factors of 464643475.
5, 18585739
What are the prime factors of 137529367?
9013, 15259
What are the prime factors of 9915763?
11, 13, 69341
List the prime factors of 22644118.
2, 7, 1617437
List the prime factors of 84463341.
3, 19, 29, 37, 1381
List the prime factors of 5470503.
3, 43, 42407
What are the prime factors of 54233283?
3, 13, 41, 2609
What are the prime factors of 161581235?
5, 59, 107, 5119
What are the prime factors of 274607809?
7, 89, 62969
What are the prime factors of 427074600?
2, 3, 5, 31, 22961
What are the prime factors of 6078787?
11, 13, 42509
List the prime factors of 144785513.
61, 2373533
What are the prime factors of 64232871?
3, 2203, 9719
List the prime factors of 99240101.
17, 23, 253811
What are the prime factors of 616535487?
3, 68503943
What are the prime factors of 17841793?
17841793
List the prime factors of 225651115.
5, 17, 2654719
What are the prime factors of 438840675?
3, 5, 7, 13, 21433
What are the prime factors of 379130580?
2, 3, 5, 2106281
List the prime factors of 7588719913.
17, 29, 3719, 4139
List the prime factors of 2704974912.
2, 3, 57977
List the prime factors of 219578057.
219578057
What are the prime factors of 44900319?
3, 1627, 9199
What are the prime factors of 158956189?
7, 31, 347, 2111
List the prime factors of 1240317288.
2, 3, 7, 2460947
What are the prime factors of 1632500395?
5, 17, 19205887
List the prime factors of 117193272.
2, 3, 7, 697579
List the prime factors of 7253679124.
2, 18371, 98711
What are the prime factors of 35522319?
3, 7, 137, 12347
List the prime factors of 1810721318.
2, 7, 19, 37, 183979
What are the prime factors of 379690649?
13, 29, 1007137
What are the prime factors of 100406300?
2, 5, 1004063
List the prime factors of 89025112.
2, 11, 1011649
What are the prime factors of 42033464?
2, 11, 173, 251
List the prime factors of 407691749.
479, 851131
What are the prime factors of 56137856?
2, 19, 41, 563
List the prime factors of 30530872.
2, 19, 200861
List the prime factors of 389888779.
7, 79, 705043
List the prime factors of 1824838917.
3, 11, 1093, 50593
List the prime factors of 65338905.
3, 5, 17, 89, 2879
List the prime factors of 151295122.
2, 11, 6877051
What are the prime factors of 20385720?
2, 3, 5, 17, 3331
What are the prime factors of 51266295?
3, 5, 197, 5783
List the prime factors of 1830386418.
2, 3, 7, 43, 1013503
List the prime factors of 23524460.
2, 5, 1176223
What are the prime factors of 47978517?
3, 79, 202441
What are the prime factors of 318884767?
318884767
List the prime factors of 1615365465.
3, 5, 7, 19, 809707
List the prime factors of 2147468426.
2, 19, 269, 11057
List the prime factors of 213083803.
19, 139, 80683
What are the prime factors of 1285696599?
3, 11, 293, 132971
What are the prime factors of 2811661165?
5, 163, 3449891
What are the prime factors of 17751556?
2, 73, 60793
What are the prime factors of 146082023?
181, 807083
What are the prime factors of 1712475768?
2, 3, 7561, 9437
What are the prime factors of 74330372?
2, 3491, 5323
What are the prime factors of 744972382?
2, 7, 11, 61, 11329
List the prime factors of 2653267420.
2, 5, 29, 4574599
What are the prime factors of 650487790?
2, 5, 179, 363401
List the prime factors of 36006044.
2, 9001511
What are the prime factors of 2270433435?
3, 5, 1021, 148249
List the prime factors of 2800068117.
3, 7, 11, 29, 417983
What are the prime factors of 1133747813?
11, 193, 2767
What are the prime factors of 43550886?
2, 3, 1669, 4349
List the prime factors of 433505610.
2, 3, 5, 17, 23, 97, 127
List the prime factors of 1082601445.
5, 223, 970943
List the prime factors of 1231911933.
3, 7, 58662473
List the prime factors of 73143800.
2, 5, 29, 12611
What are the prime factors of 165455701?
29, 43, 277, 479
What are the prime factors of 48016906?
2, 7, 3429779
List the prime factors of 152753596.
2, 59, 647261
What are the prime factors of 227142855?
3, 5, 937, 5387
What are the prime factors of 73089495?
3, 5, 59, 27529
What are the prime factors of 455912900?
2, 5, 23, 198223
List the prime factors of 5040081451.
191, 26387861
What are the prime factors of 1068426643?
919, 1162597
What are the prime factors of 17098502?
2, 89, 96059
What are the prime factors of 9337634?
2, 31, 150607
What are the prime factors of 4498780734?
2, 3, 7, 35704609
List the prime factors of 74935159.
13, 29, 113, 1759
What are the prime factors of 68097051?
3, 11, 229283
What are the prime factors of 4633659?
3, 171617
List the prime factors of 54859711.
54859711
List the prime factors of 4577903.
11, 73, 5701
List the prime factors of 75232530.
2, 3, 5, 278639
What are the prime factors of 1864501234?
2, 29, 61, 526993
List the prime factors of 35725541.
35725541
What are the prime factors of 1144141803?
3, 7, 17, 61, 83, 211
List the prime factors of 104511463.
7, 389, 5483
What are the prime factors of 15367670?
2, 5, 443, 3469
What are the prime factors of 389050725?
3, 5, 7, 47, 15767
What are the prime factors of 302536431?
3, 1373, 8161
What are the prime factors of 83532167?
83532167
List the prime factors of 5165781247.
11, 42692407
What are the prime factors of 1213323013?
7, 173331859
What are the prime factors of 24942730?
2, 5, 2494273
What are the prime factors of 1032385309?
383, 2695523
List the prime factors of 4290917469.
3, 79, 193, 93809
List the prime factors of 16884526.
2, 8442263
List the prime factors of 1312231885.
5, 262446377
List the prime factors of 3003563538.
2, 3, 73, 761939
List the prime factors of 150709682.
2, 113, 666857
List the prime factors of 184987222.
2, 7, 1019, 12967
What are the prime factors of 1688330859?
3, 562776953
What are the prime factors of 930880230?
2, 3, 5, 7, 4432763
What are the prime factors of 3701571?
3, 257, 4801
List the prime factors of 146381704.
2, 7, 653, 4003
What are the prime factors of 193684025?
5, 89, 87049
List the prime factors of 8514703973.
8514703973
What are the prime factors of 2245725?
3, 5, 1109
List the prime factors of 42601452.
2, 3, 89, 113, 353
What are the prime factors of 24827323?
4271, 5813
List the prime factors of 3928567042.
2, 1964283521
List the prime factors of 1215018964.
2, 6311, 48131
What are the prime factors of 2109595947?
3, 1801, 390449
What are the prime factors of 14350610?
2, 5, 1435061
What are the prime factors of 3396407728?
2, 7, 641, 47309
List the prime factors of 65412610.
2, 5, 6541261
List the prime factors of 36148364.
2, 7, 23, 56131
What are the prime factors of 58737658?
2, 7, 4195547
List the prime factors of 137234897.
17, 8072641
What are the prime factors of 580821912?
2, 3, 11, 53, 101, 137
What are the prime factors of 8252847208?
2, 67, 15397103
List the prime factors of 93551994.
2, 3, 23, 89, 2539
What are the prime factors of 180911462?
2, 2843, 31817
List the prime factors of 233038113.
3, 7, 11, 29, 43, 809
What are the prime factors of 26699274?
2, 3, 7, 23, 37, 83
What are the prime factors of 1863479548?
2, 7, 17, 3914873
What are the prime factors of 1707663207?
3, 131, 4345199
List the prime factors of 78986497.
78986497
What are the prime factors of 4400143455?
3, 5, 23, 223, 57193
List the prime factors of 2420532.
2, 3, 71, 947
List the prime factors of 215962049.
71, 859, 3541
What are the prime factors of 548384009?
23, 23842783
What are the prime factors of 252093687?
3, 1483, 56663
What are the prime factors of 10539300?
2, 3, 5, 19, 43
List the prime factors of 1521103424.
2, 17, 653, 2141
List the prime factors of 5884282.
2, 2942141
What are the prime factors of